41 = 0. Let i = -19 - z. What are the prime factors of 2/i + 37/2?
2, 3
Suppose d + 3*d = 8. Suppose -y + d = -2. Suppose -y*x - 25 = -9*x. What are the prime factors of x?
5
What are the prime factors of (1 + 554 - 8) + 6?
7, 79
Let d be (-524)/(-26) - (-28)/(-182). Let t be -18*(-4 - d/(-8)). Let h = -19 + t. List the prime factors of h.
2
Let x(y) = 7*y**3 - 4*y**2 + 5*y + 12. Let b(n) = 7*n**3 - 3*n**2 + 5*n + 11. Let k(c) = -7*b(c) + 6*x(c). What are the prime factors of k(-2)?
7
Let l(v) = 5*v - 13*v**2 + 80*v**3 - 6*v + 0 + 2 + 11*v**2. What are the prime factors of l(1)?
79
Let q(x) = -2*x**3 - 4*x**2 + 4*x - 3. Let u be q(2). Let s = u + 83. List the prime factors of s.
2, 7
Let f = -196 - -428. Suppose -4*w + 17 = 5*j - f, -3*w + 182 = -j. List the prime factors of w.
61
Suppose 3*y - 681 = 4*x - 204, 636 = 4*y + 4*x. Let l = -98 + y. List the prime factors of l.
61
Let d be (-8 + 3)*(-5)/1. Let r = d - 12. List the prime factors of r.
13
Suppose 81*p - 33*p - 50976 = 0. What are the prime factors of p?
2, 3, 59
Let p be (23 - (-4 - -4)) + 4. Suppose -p = -8*s + 93. What are the prime factors of s?
3, 5
Let z = 5066 + -3354. List the prime factors of z.
2, 107
Suppose 6*x - 41520 = -15384. What are the prime factors of x?
2, 3, 11
Let s(f) = 6*f**2 - f - 6. What are the prime factors of s(-6)?
2, 3
Let z be (-1)/(((-7)/(-6))/(-7)). Suppose j + 780 = z*j. Suppose i + 4*o = 16, o + j = 5*i + 2*o. What are the prime factors of i?
2
Suppose -7 - 7 = -7*g. Let b be (17 + -4 - g)*5. Suppose s + 5*i - b = -0*i, 0 = -s + 5*i + 45. List the prime factors of s.
2, 5
Suppose 9 + 0 = -3*n. List the prime factors of 0 - (7 + n) - (-29 - -2).
23
Suppose -6*b + 3*b = -108. Let m be (-9)/b + (-10)/(-8). What are the prime factors of 23 - (3/(-3) - m)?
5
Let s(k) = k**3 + 5*k**2 - 29*k + 116. List the prime factors of s(15).
37, 113
Let y be (-57)/6 - 6/(-12). Let i(b) = -b**2 - 9*b - 7. Let g be i(y). List the prime factors of 64/6 + g/(-21).
11
Suppose 4*y + 17 = -5*w - 3, -3*w = 5*y + 25. Let l be 3 - (w + (-28)/4). Suppose -4*a + l = -58. What are the prime factors of a?
17
Let z be (-11)/(-4) - (-8)/32. Let v = z - -2. Suppose 2*o - 4*p - 114 = 0, -v*o + 58 = -2*p - 203. List the prime factors of o.
3, 17
Let o(k) = -k**2 - k. Let r(m) = -5*m**2 + 3*m + 9. Let w(u) = -5*o(u) - r(u). List the prime factors of w(-5).
3, 7, 11
Let s be ((-55)/(-2))/(6/12). Let n = 103 - s. What are the prime factors of n?
2, 3
Suppose 16*v - 368 = 18*v. Let b = v - -441. What are the prime factors of b?
257
Let r(n) = -n**3 + 16*n**2 + 21*n + 19. Let w be ((-34)/(-4))/(5/10). List the prime factors of r(w).
3, 29
Suppose u - 3 - 2 = 0. Suppose -6 = w - 4*x + 10, 0 = u*x - 5. Let p = -7 - w. What are the prime factors of p?
5
Suppose 5*g - 2*g = 2*u - 210, 3*u - 4*g = 316. Let c = u + -75. List the prime factors of c.
3, 11
Let g be (-4)/(-2*3/6). What are the prime factors of 2736/81 - g/(-18)?
2, 17
Suppose -2*k + 2 = 8. Let h be 6/k*20/(-8). Suppose -p + h + 9 = -2*x, 3*p - 4*x = 32. What are the prime factors of p?
2
Let y(k) = 2*k**2 + k - 3. Let s(j) = j**2 - j - 1. Let t be s(3). Suppose -t*w + 0*b - 15 = -2*b, -15 = 5*w + b. What are the prime factors of y(w)?
2, 3
Suppose -n + k = -3, 0*k = -3*k + 6. Suppose -n*p = 2*t - 648, 0 = 4*p + 5*t - t - 528. What are the prime factors of p?
2
Suppose -3*w + 6 + 0 = 0. Suppose w*i = 3*q - 115, -5*q + i + 200 = -4*i. List the prime factors of q.
5, 7
Let h(g) = -g + 7. Let r be h(4). Suppose -4 = o - y - 7, -o + 2*y = -6. Suppose -r*p + 0*p + 81 = o. List the prime factors of p.
3
Suppose -5*c + 7*c = -4. What are the prime factors of 177/2*c/(-3)?
59
Suppose -2*i = -5*l + 20395, l + 242*i = 243*i + 4076. What are the prime factors of l?
7, 11, 53
Suppose 6*g + 60 = 2*g. Let a = -21 - g. What are the prime factors of 3 - (0 - a/(-1))?
3
Let u = -28 + 29. List the prime factors of u/(-2) + (-915)/(-10).
7, 13
Suppose 1331 = 3*a - 4726. What are the prime factors of a?
3, 673
Let l(c) = -390*c - 83. What are the prime factors of l(-9)?
23, 149
Let k(t) = -t**2 + 5*t + 6. Let z be k(5). List the prime factors of 97/z + (-5)/30.
2
Let g be (-7 + 3)/((-3)/6). Let c be (g/10)/(16/360). Suppose -63 + c = -3*n. List the prime factors of n.
3, 5
Let m(n) = -n**2 + 8*n - 13. Let a be m(5). Let i(v) = -57*v**3 + 12*v**3 - v - 6*v**3 - a*v**2. List the prime factors of i(-1).
2, 5
Suppose -4*j - 26*f + 3959 = -25*f, 3962 = 4*j - 2*f. List the prime factors of j.
2, 3, 5, 11
Suppose -25*a = -26*a + 3*j + 224, -455 = -2*a - j. What are the prime factors of a?
227
What are the prime factors of -1*21/(-6)*(-18 + 392)?
7, 11, 17
Let y be 5239/117 - 4/(-18). Suppose 41*g = y*g - 420. List the prime factors of g.
3, 5, 7
Suppose p - 2 = 0, l + l = 5*p. Suppose -i + 3*c = 12, l*i - c + 9 = -3*c. Let z(u) = -2*u**3 + u**2 + 3*u - 2. List the prime factors of z(i).
2, 13
Suppose -2689*w = -2698*w + 46098. List the prime factors of w.
2, 13, 197
Let y(q) = q + 28. Let t be y(-14). Let x = -12 + t. Suppose 0 = -4*w + 4*d - x*d, d = w + 2. List the prime factors of w.
2
Let v = 14 - 8. Let k = v + -11. Let z(y) = y**3 + 7*y**2 + 2*y - 3. What are the prime factors of z(k)?
37
Suppose 3*n + 6 + 0 = 0. Let g be n/(3 + 68/(-20)). Suppose -90 = -4*c - 2*l, g*c - 2*l = l + 118. What are the prime factors of c?
23
Suppose 2*c - 3*t - 2754 = 0, -4*c + 4648 = -t - 860. What are the prime factors of c?
3, 17
Suppose 4*w + 3*x - 525 = 0, 8*w - 3*w - 2*x - 685 = 0. List the prime factors of w.
3, 5
Let i = -21 + 26. Suppose -3*n + i*x + 24 = 0, n - 3*x - 24 = -2*n. List the prime factors of n.
2
Suppose 389 = -2*n + 7*n - 4*v, -n - 4*v = -97. Suppose -a - 12 = 9. Let p = a + n. List the prime factors of p.
2, 3, 5
Suppose -4*o = 3*g - 37, -4*g + 4*o = -o - 70. Suppose 0 = -18*z + g*z + 36. What are the prime factors of z?
2, 3
Let k(j) = j**2 - 7*j + 8. Let z be k(5). What are the prime factors of (2/6)/(6*z/(-360))?
2, 5
Suppose 0*s + 2*s = 34. Let d = 20 - s. Suppose -54 = d*p - 216. List the prime factors of p.
2, 3
Let q be 4 + (-4)/1 - -2. Suppose -2*y - 2 = -q*r - 4, -2*y + 2 = r. Suppose 5 = -j - r, -j + 223 = 3*p. What are the prime factors of p?
2, 19
Suppose -87 + 271 = 2*z. Suppose -9*l + z = -52. List the prime factors of l.
2
Let f(t) = t**2 - 4*t - 47. What are the prime factors of f(12)?
7
Let c(z) = z**3 + 4*z**2 - 2*z - 5. Let v be c(-4). Suppose 3*y + l = -18 + 227, 213 = 3*y + v*l. List the prime factors of y.
3, 23
Suppose 3*r - 2274 = -3*f - 318, 3*r - 9 = 0. List the prime factors of f.
11, 59
List the prime factors of (-8004)/(-14) - (-5 + (-132)/(-28)).
2, 11, 13
Suppose -7*w - 1603 + 17332 = 0. List the prime factors of w.
3, 7, 107
Suppose -q + 0 = -3*r + 4, 4*r - 5*q + 13 = 0. Suppose 102 + 237 = r*d. Suppose -2*g - 2*g = -3*l + 128, -d = -3*l + g. List the prime factors of l.
2, 3
Let d be 18/(-4)*(-5 - 11/(-3)). List the prime factors of (-5 - (-2 - (-10)/d))*-33.
2, 7, 11
Let p = 36 + -22. Let h = p - 15. What are the prime factors of 9 + (0/h)/(-1)?
3
Let j(n) = 7*n - 8. Let o be j(6). Suppose 2*u - 2*w = o, -3*u + 80 = u + 2*w. List the prime factors of u.
19
Let p = 23 - 20. Suppose p*z = 76 + 26. List the prime factors of z.
2, 17
Suppose 27*z = -27*z + 46278. List the prime factors of z.
857
Let y(j) = -2*j + 1611. What are the prime factors of y(0)?
3, 179
Let b(j) = 211*j**2 - 15*j + 26. List the prime factors of b(4).
2, 3, 557
Suppose -1700 = -15*w - 10*w. What are the prime factors of w?
2, 17
Let m(y) = -y**2 - 14*y + 17. Let s be m(-15). Suppose 3*b = 5*t - 582, s*b + 8 + 0 = 0. What are the prime factors of t?
2, 3, 19
Let s be ((-18)/(-4))/((-6)/(-180)). Suppose -2*x - 15 = -s. What are the prime factors of x?
2, 3, 5
Let k = -11 + 20. Let v(r) = -r**2 + 10*r - 6. Let u be v(k). List the prime factors of 2 + 6 + 9/u.
11
Let n(p) = -7*p**2 + 2. Let t be n(-2). Let h = t - -49. Let w = 37 - h. List the prime factors of w.
2, 7
Suppose 4*d - 5*d + 6 = 0. Suppose 320 = d*t - 2*t. Suppose -b = 4*b - t. What are the prime factors of b?
2
Let s = 273 + -87. What are the prime factors of s?
2, 3, 31
Let p(v) = -98*v + 1. Let w be p(-1). Suppose -j - 2*j = -w. Suppose 0 = 4*c + 3*t - j - 57, -c - 2*t + 20 = 0. Li